e value of 26 - (150 - 116) - -24?
16
What is (18 - (16 + 2 + 9 + -16)) + -22 + -20?
-35
What is 3 + -51 - (-1462 - -1383)?
31
What is the value of 5 + -3 + (-19 + 5 - (2 - 10)) - -11?
7
What is 2 + -3 + -14 + (0 - -11) + -55?
-59
What is -29 + (18 - 10) - -36?
15
What is the value of -35 - -35 - (1 + -5 + 4 - -28)?
-28
-71 + 1 + 136 + -94
-28
Evaluate 15 + (62 - 80) - 102.
-105
What is -4 + (21 - -69 - 49)?
37
What is 737 - 750 - (28 + -4)?
-37
What is 578 + -570 - (2 - (-3 - -2)) - 7?
-2
Evaluate 30 + -77 - (170 - 229).
12
What is the value of 0 + -8 - (-83 + 18 + 7 + 8 - 7)?
49
What is 276 - 138 - (139 - 10)?
9
Evaluate 8 - (-27 + 59) - (1 + 3 - 4 - 9).
-15
Calculate (0 + -1 - (-34 - 3)) + (-4630 - -4635).
41
-45 - -37 - (151 + -167 - (-10 + 2))
0
What is the value of (-9 - 76) + -77 + 102?
-60
What is (-35 - (-17 + 13)) + -16 - 8 - (-3 + -2)?
-50
What is -16 + (-7 - 0 - (-77 + 40))?
14
(-147 - 1) + (12 - 138 - -166)
-108
What is 272 - 229 - (-2 + 201) - -35?
-121
What is the value of -118 + (230 - (30 - -52))?
30
(13 - 53) + 35 + 55
50
What is the value of 2 + (14 - 3) - (-7 + 3 - -15) - 37?
-35
(-12 - -6) + 5 - (-3 - (2 + (57 - 7)))
54
What is the value of (-13 - -11 - -11) + (5 + -13 - 28 - 8)?
-35
Evaluate -7 - -11 - -14 - (-224 + 301) - (13 - 0).
-72
What is the value of 20 + -6 + -2 + 19 + (-14 - 1)?
16
What is 64 + 73 + (-248 - -62)?
-49
What is -1 + -3 + 48 + 5 + (6 - (21 + -9))?
43
What is 5295 + -5349 + (-3 - -1) + (0 - 2)?
-58
What is (53 + 16 - -62) + -62?
69
What is the value of (6 - (-37 + 24 + 33)) + -30 + 0?
-44
Calculate 4 - 0 - -29 - (-363 - -368).
28
Evaluate 7 + -7 - (-16 - (19 + -51 + 13)).
-3
Evaluate 2 + -16 + -62 + 41 + 6 + -1 + 2.
-28
What is the value of (-28 - -50 - (11 + 11)) + -47?
-47
-27 + 9 + -28 + 7 + 20
-19
Calculate 43 - (37 - (-34 - -43)).
15
Evaluate 0 + -3 - (15 - ((-7 - -23) + 59)) - 11.
46
Evaluate -4051 + 4025 + (1 - 12).
-37
Calculate -53 - (6 + -3) - (-30 - -9 - -21 - 9).
-47
What is 12 - ((-1 - 0 - -1) + 2 + 279 + -275)?
6
Calculate (-6 - -15) + 6 - 16 - (-66 + -3 + -7).
75
What is the value of 2 - (-207 + 203 - (-23 - -1))?
-16
Evaluate -9 - (-17 - (-5 - (-1 - 4)) - -6).
2
389 + -134 + -334 + (0 - 13)
-92
What is the value of 5 + 5 + -18 + (12 + -10 - -11)?
5
Calculate 2717 + -2750 - (1 - (2 - 0) - (-1 + -6)).
-39
Evaluate 1522 + -1545 + 1 + -100.
-122
65 - -2 - (3993 - 3875)
-51
What is the value of (-30 - 1) + (-108 + 57 - -39)?
-43
Evaluate 21 - (9 + (-17 - -25) + 23).
-19
What is 35 + 11 + -17 + -10 + -34 + -84?
-99
36 - (78 - 68 - 28)
54
What is the value of (1969 - 1973) + 24 + 0 + -1?
19
(-4 - 0) + (88 - 88) + (-2 - -15) - 44
-35
What is -24 - (5 + -35 - -68 - 2)?
-60
Evaluate -57 - (-35 + (-46 - -17)).
7
What is the value of 25 + (-32 - 22) + -7?
-36
-6 + 13 - (-4 + -3) - 53
-39
Evaluate (-442 - -404 - ((-1 - 1) + 13)) + 10.
-39
Calculate -15 - (-11 + -11) - (14 - (4 - (-5 + 5))).
-3
What is the value of 4 - (5 - (3 + 2)) - (352 + -269)?
-79
Calculate -171 - -83 - (-102 + 80).
-66
103 - (135 - 121 - (2 + -1)) - 9 - 10
71
Calculate 3 - (150 + -158 + 1 + 18 + -2).
-6
Evaluate (52 - 12) + -56 + 33.
17
What is the value of -2 - (-83 - -25) - 8?
48
Evaluate 0 + -2 + (50 - 23) + -37.
-12
Calculate 11 - (-226 + 303 - (8 + (2 + -8 - -1))).
-63
What is (-1 - -66 - 81) + 1 + 71 - -10?
66
-7 + 85 - (4 + -3 + 1 + 47 + -39)
68
Calculate 16 + (6 - (-17 - -1 - (-92 + 58))).
4
55 - 26 - 31 - (-23 + -11)
32
Calculate 41 + (-2 - -35) + -69.
5
What is the value of (65 - -5 - 11) + -9 - (20 - (16 - 12))?
34
55 - (-3 + (8 - (-12 + 7)))
45
Evaluate (-133 - (93 + -175)) + 26.
-25
What is 27 - (-16 - (-89 + 76))?
30
Evaluate (-33 - ((-17 - -20) + 11)) + (-2 - -16).
-33
-11 - 0 - (-73 + (-30 - -67) + 80)
-55
(32 - (35 - 21 - 14)) + -91
-59
(-13 - (-63 + 8)) + -77
-35
Calculate 182 + -106 + (-29 - 76).
-29
What is -84 + 70 + (60 + 12 - (3 + 1)) + 11?
65
What is (0 - (6 + 2 + -3)) + 7 + -65 + 11?
-52
Evaluate (13 + -22 - 2) + 77 + (1 - 10).
57
What is the value of 24 + -6 + -3 + 2 - -22?
39
-31 + (-27 - (10 + -73))
5
What is -1 + 78 + (-4022 - -3992)?
47
What is 20 + (-21 + 45 + -20 - -2)?
26
(242 - 163 - (-3 - (-23 + -2))) + (1 - -6)
64
What is (132 - 51) + -77 + 0 + -2 - (0 + -34)?
36
What is the value of 46 + (-175 - -49 - -32)?
-48
Calculate -27 + 2 + -2 - (-86 + 81).
-22
What is the value of 120 - (27 - -40) - (9 - -1)?
43
Evaluate 17 + -20 + 7 - -14 - (-4 - -12).
10
Evaluate (-9 - (33 + -11 + -115)) + -1 + -3.
80
Evaluate 13 + (-1 - 3) + -14 + 28 + -10 + 6.
19
Calculate (25 + -10 - 7) + -19 - 11 - -3.
-19
Calculate 14 - (-2 + 1 - (-17 - (17 + -3) - 89)).
-105
Evaluate -26 - (-93 + 50) - 67.
-50
5 + (13 - (13 - (11 + (11 - 10))))
17
What is -53 + (5 - (23 + (-55 - -16)))?
-32
(2 - 102) + 80 + -94 + 43
-71
What is 4 - ((25 - 37) + 69 + 4 + 16)?
-73
Evaluate (-13 + -36 - 4) + 52.
-1
What is 13 - (1 + -1 - (-6 + -17 + -39))?
-49
Evaluate -180 - -108 - (-128 + 3).
53
What is the value of 17 + 6 - 6 - (148 + -148)?
17
45 - (11 + 39) - (0 - -133) - -5
-133
Evaluate 5 - (-10 + (-3 - -3) + 25 + 1 - 3).
-8
Evaluate -103 + 49 + -6 - (1 - (-4 - (2 - 4))).
-63
-22 - (18 + -25) - (-4 + -35) - -3
27
(62 - -2) + (-546 - -448)
-34
Evaluate 5 - (-72 + 9) - (28 + -23 - 1).
64
What is the value of 37 + 11 - 14 - (9 + 0 - 0)?
25
Calculate 67 - (98 + -31 + -18).
18
What is (-18 + (3 - 8) - (-14 - -3)) + -4?
-16
What is 53 + -37 + 47 + -3 + -7 - 1?
52
Calculate 19 + -67 - 4 - (-1 - 2).
-49
What is (32 - 34 - 18 - 13) + 76?
43
What is (-8 - (3 - 14 - (-11 + 1))) + -12?
-19
(85 - 0) + (3524 - 3657)
-48
Calculate 59 + -96 - -36 - -58.
57
Calculate -1 + (-31 - 0) - (4807 + -4818).
-21
Calculate -284 + 260 + -9 + -5.
-38
Calculate (1410 - 1487) + (1 - -30 - 0).
-46
What is 42 + -30 + (15 - (37 - 26))?
16
Calculate -16 - (-63 + 43 - -5) - (58 - (-2 - -1)).
-60
(-172 - (-178 + 22)) + 1 + -38
-53
What is the value of 1 + -3 + 1 + 16 - (-667 + 718)?
-36
What is the value of (-93 - 2) + 37 + 24 + -6?
-40
Calculate 10 + (-55 - -21 - -21) + 22.
19
-5 + (-5 - (0 - -10)) - (28 + (60 - 102))
-6
Calculate (83 - (-92 - -179) - (0 - 31)) + -12.
15
What is the value of (-68 - -35) + -17 - -74?
24
What is 1 + 11 + (-115 - -99 - (8 - 1))?
-11
-1 + 0 + 74 + (28 - (36 + 3)) + -6
56
What is (11 - (-29 + (2 - -20) - -11)) + -46?
-39
Calculate (4 + -12 - -17) + 7 - 18.
-2
Evaluate 40 + 13 + (-13 + 6 - 13) + 1.
34
What is -45 - (-8 + (-7 - -4) - (58 - 63))?
-39
What is the value of -3 - 3 - 55 - -48?
-13
What is (-4 - 11) + (-16 - -113)?
82
(6 - -76) + 13 + (-53 - -23) + 14
79
Calculate (-10 - -2) + 23 + (-1112 - -1139).
42
Calculate 10 + -3 + (45 - (-15 - (-14 - (-34 + 17)))).
70
Calculate -2 - (-5 + 45) - (49 + -33 + -1).
-57
Calculate (13 - ((0 - -7 - 13) + 22)) + 14.
11
Evaluate 107 + 109 + -236 - (1 - -8).
-29
What is (-3 - (0 - -3) - -6) + -1 + -6 + 2?
-5
-20 - (8 + -27 + 11 + 21) - -11
-22
What is 2 - (91 + -98 - ((3 - 4) + 0)) - 54?
-46
What is -3 + 27 - (-16 - -10 - -7) - 11?
12
-27 + 0 - (-898 - -877)
-6
23 - (-4 - -1) - (13551 + -13581)
56
Calculate 9 + 33 + 10 + 12 + -6 + 9 - 8.
59
Calculate 2 + (4 - (1 - 4)) + (5 - (-12 + 5)).
21
Evaluate 18 + (-66 + 35 - (1 - 8)).
-6
Evaluate -2 + (6 - -1) + (662 - 642 - (-22 + -1)).
48
What is the value of (118 - (-78 + 133)) + -68?
-5
Evaluate (-301 - -140 - -224) + (-14 - 1).
48
What is the value of 26 - (-13 + 3 + (-13 - (-20 + -2 + 1)))?
28
1 + -75 + 66 + 5 + -68
-71
Calculate -2 + 9 + (3 - ((64 - 3) + -35 + 24)).
-40
Evaluate (-5 - -6 - (1 + 84)) + -43 + (-109 - -156).
-80
What is the value of -80 - (81 - (41 + 39))?
-81
What is -18 + 0 + 601 + -592 - 7?
-16
10 + (20 - 0) + -16 + -21 - 22
-29
(-40 + 34 - (0 - 0)) + (30 - 16 - -34)
42
-12 + 0 - (-2 + -5 + 8 - (-4 + -59))
-76
(-1 - -4) + (-9 - -20 - (0 - 3) - 6)
11
Calculate 0 + 0 + 0 + -9 - ((19 - 19) + -38).
29
What is the value of -10 + (15 - 4) + -7 + 4 + (-6 - -46)?
38
Evaluate -65 + (96 - -160 - 59).
132
Evaluate (38 - (-14 - -92)) + 14 + -2.
-28
What is the value of (41 - -2) + 4058 + -4153?
-52
Calculate -11 - -5 - (9 - (-7 + (7 + -4 - 17))).
-36
Calculate 6 + (14 - (10 + (-2 - (6 + (-8 - -3))))).
13
21 - 0 - (-78 - (10 - 83))
26
What is the value of -33 + (19 - 6 - 2) + 22?
0
Evaluate 17 + -24 + 16 - (3 + (7 - 6)) - -62.
67
Calculate 1 + -2 + 